{"id":3224,"date":"2017-09-08T18:08:05","date_gmt":"2017-09-08T18:08:05","guid":{"rendered":"https:\/\/www.aguassantafesinas.com.ar\/portal\/?page_id=3224"},"modified":"2019-11-06T18:24:31","modified_gmt":"2019-11-06T18:24:31","slug":"registro-de-proveedores","status":"publish","type":"page","link":"https:\/\/desa.aguassantafesinas.com.ar\/portal\/registro-de-proveedores\/","title":{"rendered":"Registro de Proveedores"},"content":{"rendered":"<p>Esta es la documentaci\u00f3n que deber\u00e1s presentar para ser proveedor:<\/p>\n<ol>\n<li>Completar y Presentar Carta de presentaci\u00f3n &#8211; descargar del siguiente link:\u00a0<a href=\"https:\/\/www.aguassantafesinas.com.ar\/portal\/wp-content\/uploads\/2017\/09\/ANEXO.pdf\" target=\"_blank\">Anexo I<\/a><\/li>\n<li>Constancia de Inscripci\u00f3n en AFIP y \u00a0Constancia de cumplimiento fiscal del API (F1013).<\/li>\n<li>Estatutos (con \u00faltima acta de directorio), poderes y\/o Contrato Social, y\/o copia del DNI, seg\u00fan corresponda, debidamente certificado y legalizado ante autoridad competente.<\/li>\n<li>Copia de los estados contables de los \u00faltimos 2 (dos) ejercicios anuales, con los respectivos informes del auditor y legalizados por respectivo Consejo Profesional de Ciencias Econ\u00f3micas. En caso de no estar configurado como una Sociedad Legalmente Constituida \u2013unipersonal-, se deber\u00e1 adjuntar una\u00a0 \u201cManifestaci\u00f3n de Ingresos, Bienes\u00a0 y\u00a0 Deudas\u201d de los \u00faltimos 24 meses, firmada\u00a0 por Contador P\u00fablico de la Rep\u00fablica Argentina y con la correspondiente legalizaci\u00f3n del Consejo Profesional competente y copia DDJJ Impuesto a las Ganancias de los \u00faltimos 2 (dos) a\u00f1os fiscales vencidos (la copia deber\u00e1 estar legalizada o certificada en original).<\/li>\n<li>Informe de antecedentes de Procesos Concursales y\/o Falenciales, con firma del Secretario del Registro de Procesos Universales del lugar donde la empresa tenga su domicilio Legal. Tanto de la sociedad como de sus: directores, gerentes,\u00a0 y\/o titulares para el caso de la sociedad de hecho o unipersonales. (Si se presentar\u00e1 copia del informe, el mismo deber\u00e1 estar legalizado o certificado en original).<\/li>\n<li>Nota en forma de DDJJ indicando la n\u00f3mina de juicios laborales y comerciales pendientes.<\/li>\n<li>Constancia actualizada de exenciones impositivas, de corresponder.<\/li>\n<li>Constancia CBU certificada por Entidad Bancaria.<\/li>\n<li>Constancia de Libre Deuda sindical o, en su defecto, nota emitida por entidad sindical, en la que se manifieste expresamente no poseer deuda alguna con la entidad sindical, de corresponder.<\/li>\n<li>Copia de la Habilitaci\u00f3n Municipal si correspondiera.<\/li>\n<li>\u00a0Situaci\u00f3n Impositiva &#8211; descargar del siguiente link: <a href=\"https:\/\/www.aguassantafesinas.com.ar\/portal\/wp-content\/uploads\/2017\/09\/Situacion-Impositiva.pdf\" target=\"_blank\">Anexo II<\/a> y Condiciones Generales de Compra &#8211; descargar del siguiente link:\u00a0<a href=\"https:\/\/www.aguassantafesinas.com.ar\/portal\/wp-content\/uploads\/2017\/09\/Condiciones-1.pdf\" target=\"_blank\">Anexo III<\/a><\/li>\n<li>Aguas Santafesinas S.A. adhiere\u00a0 a la reglamentaci\u00f3n de la Ley 13505 Compre Santafesino, Ley 13619 y Decreto Reglamentario 549\/2019, para que un proveedor pueda cotizar en el marco de la misma y usufructuar el beneficio deber\u00e1 presentar Certificado emitido por alguna de las autoridades de aplicaci\u00f3n. No es requisito inlimine.<\/li>\n<\/ol>\n<p>NOTA: Toda la documentaci\u00f3n deber\u00e1 ser presentada con firma en original y sello, del titular o apoderado.<\/p>\n<p><strong><em>Destinatario de la documentaci\u00f3n y consultas<\/em>:<\/strong><\/p>\n<p>Sr. Ricardo Burgos &#8211; Tel\u00e9fono: 0342 &#8211; 450-4645<br \/>\nDepartamento de Abastecimiento y Log\u00edstica &#8211; Compras<br \/>\nItuzaing\u00f3 1501 &#8211; Santa Fe (3000) &#8211; Santa Fe<\/p>\n<p>&nbsp;<\/p>\n<p>&nbsp;<\/p>\n","protected":false},"excerpt":{"rendered":"<p>Esta es la documentaci\u00f3n que deber\u00e1s presentar para ser proveedor: Completar y Presentar Carta de presentaci\u00f3n &#8211; descargar del siguiente [&hellip;]<\/p>\n","protected":false},"author":22,"featured_media":0,"parent":0,"menu_order":0,"comment_status":"closed","ping_status":"closed","template":"","meta":[],"_links":{"self":[{"href":"https:\/\/desa.aguassantafesinas.com.ar\/portal\/wp-json\/wp\/v2\/pages\/3224"}],"collection":[{"href":"https:\/\/desa.aguassantafesinas.com.ar\/portal\/wp-json\/wp\/v2\/pages"}],"about":[{"href":"https:\/\/desa.aguassantafesinas.com.ar\/portal\/wp-json\/wp\/v2\/types\/page"}],"author":[{"embeddable":true,"href":"https:\/\/desa.aguassantafesinas.com.ar\/portal\/wp-json\/wp\/v2\/users\/22"}],"replies":[{"embeddable":true,"href":"https:\/\/desa.aguassantafesinas.com.ar\/portal\/wp-json\/wp\/v2\/comments?post=3224"}],"version-history":[{"count":19,"href":"https:\/\/desa.aguassantafesinas.com.ar\/portal\/wp-json\/wp\/v2\/pages\/3224\/revisions"}],"predecessor-version":[{"id":37328,"href":"https:\/\/desa.aguassantafesinas.com.ar\/portal\/wp-json\/wp\/v2\/pages\/3224\/revisions\/37328"}],"wp:attachment":[{"href":"https:\/\/desa.aguassantafesinas.com.ar\/portal\/wp-json\/wp\/v2\/media?parent=3224"}],"curies":[{"name":"wp","href":"https:\/\/api.w.org\/{rel}","templated":true}]}}